se 15) in base 13?
9
Convert -4 (base 15) to base 12.
-4
Convert -63 (base 9) to base 5.
-212
Convert -3 (base 13) to base 6.
-3
What is 4 (base 6) in base 13?
4
-17 (base 16) to base 12
-1b
Convert -7 (base 10) to base 2.
-111
Convert 10 (base 4) to base 12.
4
13 (base 5) to base 12
8
-16 (base 14) to base 9
-22
Convert -22 (base 14) to base 2.
-11110
Convert 17 (base 14) to base 11.
1a
What is 3e (base 15) in base 6?
135
Convert -101101 (base 2) to base 7.
-63
What is 3 (base 7) in base 12?
3
What is 9 (base 12) in base 6?
13
Convert 13 (base 5) to base 13.
8
What is -f (base 16) in base 4?
-33
Convert -1 (base 9) to base 7.
-1
Convert -2d (base 16) to base 7.
-63
What is -3 (base 9) in base 16?
-3
3 (base 8) to base 7
3
Convert 27 (base 8) to base 3.
212
Convert 20 (base 3) to base 8.
6
-3a (base 11) to base 15
-2d
What is -4 (base 14) in base 4?
-10
What is 5 (base 6) in base 5?
10
What is 3 (base 7) in base 3?
10
What is -83 (base 12) in base 4?
-1203
-352 (base 6) to base 5
-1030
5 (base 9) to base 3
12
-3 (base 13) to base 12
-3
What is -a (base 14) in base 7?
-13
What is 2 (base 5) in base 9?
2
What is 4 (base 5) in base 6?
4
What is 0 (base 2) in base 10?
0
-11 (base 10) to base 16
-b
What is -1100 (base 2) in base 5?
-22
-2 (base 6) to base 9
-2
Convert 35 (base 10) to base 15.
25
What is -3 (base 6) in base 4?
-3
Convert 11 (base 3) to base 7.
4
149 (base 10) to base 2
10010101
Convert 3 (base 4) to base 12.
3
What is 9 (base 14) in base 3?
100
-101 (base 2) to base 9
-5
Convert -179 (base 11) to base 15.
-dc
3a (base 13) to base 11
45
What is 1 (base 2) in base 4?
1
Convert 31 (base 8) to base 9.
27
Convert -26 (base 12) to base 14.
-22
What is -c5 (base 13) in base 7?
-320
Convert 101 (base 3) to base 11.
a
What is -5 (base 9) in base 7?
-5
What is -1111 (base 3) in base 14?
-2c
-43 (base 10) to base 2
-101011
Convert -1 (base 7) to base 9.
-1
-13 (base 16) to base 7
-25
-27 (base 13) to base 2
-100001
1 (base 2) to base 5
1
What is 101011 (base 2) in base 9?
47
64 (base 15) to base 12
7a
-b7 (base 12) to base 3
-12011
78 (base 13) to base 10
99
341 (base 10) to base 6
1325
Convert 121 (base 7) to base 16.
40
202 (base 3) to base 6
32
Convert -3 (base 10) to base 4.
-3
What is -1 (base 2) in base 7?
-1
-143 (base 9) to base 7
-231
29 (base 12) to base 8
41
-17 (base 12) to base 7
-25
Convert 1111101 (base 2) to base 12.
a5
What is 4 (base 5) in base 9?
4
What is 126 (base 7) in base 13?
54
What is -67 (base 10) in base 11?
-61
What is b2 (base 13) in base 8?
221
Convert 1 (base 13) to base 5.
1
-ac (base 13) to base 11
-11a
Convert 7 (base 12) to base 8.
7
Convert -5 (base 14) to base 15.
-5
Convert -20 (base 3) to base 4.
-12
What is 10001111 (base 2) in base 13?
b0
What is 8 (base 10) in base 5?
13
What is 0 (base 11) in base 6?
0
What is -221 (base 3) in base 12?
-21
Convert -3 (base 10) to base 5.
-3
Convert 155 (base 7) to base 15.
5e
What is 100 (base 3) in base 14?
9
What is -3101 (base 4) in base 3?
-21202
Convert 100100010 (base 2) to base 4.
10202
What is 3 (base 4) in base 11?
3
Convert a3 (base 14) to base 5.
1033
What is 1 (base 8) in base 10?
1
-1 (base 12) to base 7
-1
3212 (base 4) to base 6
1022
What is 2 (base 5) in base 4?
2
Convert -8 (base 14) to base 5.
-13
What is -104 (base 9) in base 11?
-78
Convert 5b (base 14) to base 7.
144
-11000 (base 2) to base 7
-33
Convert -2 (base 9) to base 7.
-2
Convert -6 (base 9) to base 14.
-6
What is -22 (base 9) in base 6?
-32
5 (base 15) to base 5
10
What is 2 (base 4) in base 9?
2
322 (base 9) to base 16
107
Convert 61 (base 8) to base 14.
37
What is -8 (base 14) in base 11?
-8
-6 (base 14) to base 3
-20
Convert -26 (base 8) to base 10.
-22
What is -7 (base 8) in base 3?
-21
Convert 6b (base 16) to base 15.
72
-1 (base 12) to base 5
-1
What is 3 (base 16) in base 13?
3
Convert 4 (base 12) to base 13.
4
Convert 17 (base 10) to base 7.
23
1 (base 10) to base 12
1
-7 (base 16) to base 9
-7
Convert -1313 (base 4) to base 6.
-315
Convert 2202 (base 3) to base 13.
59
-ec (base 15) to base 11
-192
What is 10 (base 2) in base 4?
2
Convert 60 (base 7) to base 15.
2c
Convert -e (base 15) to base 11.
-13
Convert 0 (base 16) to base 14.
0
What is 2110 (base 3) in base 10?
66
111000 (base 2) to base 9
62
What is -22 (base 5) in base 7?
-15
What is 11100101 (base 2) in base 12?
171
-23 (base 4) to base 7
-14
67 (base 15) to base 10
97
What is 11111 (base 2) in base 4?
133
What is -311 (base 4) in base 14?
-3b
What is -313 (base 9) in base 14?
-143
102 (base 16) to base 5
2013
What is -1 (base 7) in base 13?
-1
Convert -53 (base 8) to base 7.
-61
Convert 52 (base 11) to base 12.
49
Convert 111101 (base 2) to base 16.
3d
What is 400 (base 7) in base 10?
196
What is b (base 14) in base 7?
14
What is 56 (base 14) in base 9?
84
Convert 11 (base 11) to base 15.
c
Convert 6f (base 16) to base 5.
421
Convert -195 (base 10) to base 6.
-523
What is 15 (base 12) in base 8?
21
6 (base 9) to base 12
6
Convert 0 (base 2) to base 9.
0
1001 (base 2) to base 3
100
-38 (base 9) to base 3
-1022
2 (base 8) to base 11
2
31 (base 8) to base 3
221
Convert 7 (base 15) to base 5.
12
-6 (base 11) to base 13
-6
What is 119 (base 10) in base 13?
92
Convert 3 (base 10) to base 8.
3
Convert -111 (base 3) to base 11.
-12
Convert -36 (base 9) to base 14.
-25
Convert 34 (base 11) to base 10.
37
Convert 10011 (base 2) to base 13.
16
What is 48 (base 14) in base 4?
1000
What is 2f (base 16) in base 7?
65
Convert -27 (base 11) to base 8.
-35
What is 7 (base 10) in base 13?
7
What is 1 (base 8) in base 3?
1
-6 (base 7) to base 15
-6
Convert 111 (base 3) to base 15.
d
-2 (base 13) to base 15
-2
1 (base 12) to base 11
1
22 (base 14) to base 2
11110
What is 211 (base 5) in base 16?
38
1222 (base 3) to base 16
35
What is 8 (base 11) in base 3?
22
-1 (base 9) to base 6
-1
Convert 21 (base 4) to base 7.
12
-121 (base 9) to base 4
-1210
What is 2 (base 15) in base 16?
2
Convert -10 (base 3) to base 7.
-3
Convert -33 (base 5) to base 16.
-12
Convert -11 (base 5) to base 4.
-12
What is -10 (base 4) in base 2?
-100
101000 (base 2) to base 15
2a
Convert 72 (base 10) to base 3.
2200
Convert -2 (base 14) to base 2.
-10
What is 4 (base 10) in base 9?
4
-32 (base 11) to base 3
-1022
What is 10c (base 13) in base 2?
10110101
Convert 144 (base 6) to base 14.
48
Convert 2 (base 4) to base 7.
2
What is 12 (base 10) in base 3?
110
Convert 1 (base 13) to base 2.
1
Convert -1 (base 14) to base 5.
-1
-5d (base 15) to base 13
-6a
What is 1 (base 13) in base 6?
1
Convert -324 (base 7) to base 3.
-20010
What is 102 (base 3) in base 9?
12
-54 (base 14) to base 3
-2202
What is -240 (base 10) in base 16?
-f0
Convert 21 (base 3) to base 15.
7
Convert 31 (base 10) to base 8.
37
Convert 7 (base 9) to base 12.
7
What is 1101010 (base 2) in base 15?
71
a6 (base 12) to base 3
11200
Convert 210 (base 3) to base 10.
21
-24 (base 8) to base 14
-16
Convert -1 (base 14) to base 4.
-1
Convert 142 (base 5) to base 13.
38
Convert 51 (base 6) to base 14.
23
What is -101000101 (base 2) in base 10?
-325
What is -12002 (base 3) in base 14?
-9b
Convert -2 (base 15) to base 9.
-2
Convert 1 (base 14) to base 11.
1
What is 32 (base 12) in base 4?
212
-1 (base 11) to base 12
-1
What is 20 (base 3) in base 5?
11
What is -144 (base 6) in base 3?
-2101
Convert -9 (base 15) to base 11.
-9
What is 3 (base 9) in base 3?
10
20 (base 4) to base 5
13
What is 112 (base 16) in base 7?
541
Convert 76 (base 15) to base 16.
6f
Convert -17 (base 14) to base 2.
-10101
Convert -2a8 (base 11) to base 13.
-219
175 (base 10) to base 2
10101111
Convert 0 (base 6) to base 16.
0
Convert -123 (base 8) to base 6.
-215
What is -63 (base 7) in base 4?
-231
0 (base 11) to base 8
0
101 (base 2) to base 9
5
What is -19 (base 11) in base 2?
-10100
Convert 1 (base 13) to base 10.
1
-3 (base 11) to base 8
-3
What is 10 (base 3) in base 12?
3
Convert f (base 16) to base 6.
23
-354 (base 6) to base 8
-216
Convert 0 (base 15) to base 16.
0
What is 20 (base 15) in base 6?
50
23 (base 7) to base 16
11
10 (base 14) to base 11
13
Convert -3 (base 12) to base 13.
-3
5 (base 8) to base 15
5
What is -8 (base 16) in base 6?
-12
Convert 303 (base 4) to base 10.
51
What is 9 (base 13) in base 16?
9
What is 2 (bas